/(-18)*x). Suppose -3*p + 102 - 84 = 0. Calculate the highest common factor of p and l.
6
Let b be -1*6/(-45) - 4406/(-30). Suppose b = -4*n + 719. Let u be ((-2)/(-1) + -1)*13. Calculate the greatest common factor of u and n.
13
Suppose -21*g + 12*g + 1800 = 0. What is the greatest common divisor of g and 24?
8
Let m(u) = -4*u - 4 + 5*u - 3. Let t be m(10). Suppose -2*p = a + t*p - 22, 4*p = 16. What is the highest common factor of a and 2?
2
Let l be 2/(5/2 + -2). Let h be -12*((-27)/6 + l). Calculate the highest common factor of 6 and h.
6
Suppose -1239 = -57*s + 36*s. Calculate the greatest common factor of 531 and s.
59
Let x be 6/(-8)*2120/(-15). Let o be x - 3*5/(-3). What is the highest common divisor of o and 74?
37
Suppose 6*h - 73 = 5*h - 2*r, r = -h + 69. What is the greatest common divisor of 1105 and h?
65
Suppose 0 = 11*o - 12*o + 4. Let c(q) = -q**3 - 23*q**2 - 22*q + 60. Let j be c(-22). What is the greatest common factor of j and o?
4
Suppose -2*z + z - 309 = 0. Let f = 589 + z. Let h(k) = -k**3 + 24*k**2 - 22*k + 5. Let a be h(23). Calculate the greatest common divisor of f and a.
28
Suppose 352 = 2*a - 5*x + x, -854 = -5*a - 3*x. Calculate the greatest common factor of 86 and a.
86
Suppose 60 = -8*t + 3*t. Let z be 6/t*(2 + -2). Let y be (-9 + 8)*(z - 91). Calculate the highest common factor of y and 13.
13
Let c = 33 - 12. Let a be (21/2)/((-798)/(-456)). Calculate the greatest common divisor of a and c.
3
Let o = -1 - -6. Suppose 4*h + 0*w + 55 = -w, -2*h - 4*w = 38. Let x = 23 + h. Calculate the greatest common divisor of x and o.
5
Let u(o) = 47*o + 112. Let l be u(-2). Calculate the highest common factor of 258 and l.
6
Suppose -123*n + 7488 = -91*n. Calculate the greatest common divisor of n and 26.
26
Suppose 62*o - 80*o + 90 = 0. What is the highest common divisor of o and 265?
5
Suppose 4*w + 163 = 191. Let g(j) = -43*j - 1. Let t be g(-1). Calculate the highest common factor of t and w.
7
Let d(m) = 26*m + 21. Let w be d(0). Calculate the greatest common factor of w and 27.
3
Suppose -45 + 65 = 5*z. Suppose 0 = 4*d - 4*c - 56, -z*d - 2*c = -c - 41. What is the greatest common divisor of d and 1?
1
Let g = -211 + 231. Let o(k) = -k**2 + k + 160. Let v be o(0). Calculate the greatest common divisor of g and v.
20
Suppose -2*m = 4*j, 5*m - 3*j - 27 = -4*j. Let g(c) = 5*c**2 - 7*c + 1. Let f be g(2). Suppose -f*k + 6 = -6*k. What is the highest common divisor of m and k?
6
Suppose -243 = -3*q - 12. Suppose -5*i = -5*l - 135, -96 - 34 = -5*i + 4*l. Let v = i + q. What is the greatest common factor of 9 and v?
9
Let a = -8 + 12. Let v be ((-5)/(-2))/(2/a). Suppose v*w + 77 = 5*p + 3*w, 3*w = 3*p - 48. What is the greatest common divisor of p and 15?
15
Let q = 0 + -10. Let b(a) = -2*a**3 - 2*a - 3 - 10*a + a**3 - 8 - 11*a**2. Let v be b(q). What is the highest common factor of v and 72?
9
Let k(n) = -n**3 - 8*n**2 + 8*n + 4. Suppose 5*q = 2*r + 42 - 10, 4*r - 2*q = -48. Let g be k(r). What is the highest common divisor of 31 and g?
31
Let r(g) = -25*g - 47. Let z be 2*(0 + 1) - 7. Let t be r(z). Calculate the highest common factor of 13 and t.
13
Suppose 0*s - s = -6. Suppose 0 = -s*b + b. Let k be b - -2 - (-45 + -1). Calculate the highest common divisor of 6 and k.
6
Let z(o) = o**3 + o + 2. Let j be z(2). Let m be 3/(-12) - (-500)/16. Suppose -3*u = g + 9 + 2, 4*g = 3*u + m. Calculate the greatest common factor of g and j.
4
Suppose 379 - 409 = -3*c. What is the greatest common factor of c and 890?
10
Suppose -4*h - 3 = -a, -2*a = -6*h + h - 6. Let k = -32 - -47. Suppose 5*x - k = -0*x. Calculate the highest common factor of a and x.
3
Let m(d) = d**2 - 3*d + 16. Let y be m(0). What is the highest common divisor of y and 304?
16
Let p = 9 - 7. Let g(y) = 66*y**2 - 2*y + 4. Let r be g(p). Suppose 1 = 2*w - 47. Calculate the highest common divisor of r and w.
24
Let x = 945 - 581. Calculate the greatest common factor of 28 and x.
28
Let u = 245 - 170. What is the highest common factor of 45 and u?
15
Let i = 37 + -13. Let k be 8/(-6)*(-12)/8 - -214. Calculate the highest common factor of i and k.
24
Let n(d) = 0*d + 6 - d**3 + 0 + 2*d**3 - d**2 + 2*d. Let l be n(0). Let b = -3 + l. Calculate the greatest common factor of 18 and b.
3
Let c be (-243)/(3 + 3 + -9). Let s be 2/(-8) - (-111)/12. What is the greatest common divisor of s and c?
9
Let n be (-1)/(-5) + 18/(-15). Let d(h) = -8*h. Let l be d(n). Calculate the greatest common factor of l and 72.
8
Let v be (-33)/(77/7) + 19. What is the greatest common divisor of 16 and v?
16
Suppose -3*n = 6 + 3. Let i be (60/40)/(n/(-16)). What is the highest common factor of 40 and i?
8
Let p be (-477)/(-6) + 6/4. Calculate the highest common factor of 108 and p.
27
Let k be (9 + 1)*(-1128)/(-60). Calculate the highest common divisor of 4 and k.
4
Suppose -7*l - 12 = -11*l. Let z be 1/2 - 23/(-2). Let q = -10 + z. What is the greatest common factor of q and l?
1
Suppose -448 = -u - 312. What is the greatest common factor of 51 and u?
17
Suppose -86 + 386 = 5*d. Let j be -2 - 1 - d/(-2). Calculate the greatest common divisor of j and 3.
3
Suppose 5*g - 2*b - 1993 = 0, -g + 137 + 263 = b. What is the greatest common divisor of 63 and g?
21
Let x be 3/(((-63)/24)/7). Let y be 239/8 + x/(-64). Let h = 60 + y. What is the greatest common factor of 10 and h?
10
Suppose -3*q + 146 + 109 = 0. Let a = q + -37. Suppose j - a = -j. Calculate the greatest common factor of 72 and j.
24
Let d be 20 + 0/((-1)/(-1)). Suppose 0 = -2*k - 3*n + 95, -45 = -k - 4*n + 15. What is the highest common factor of k and d?
20
Let w(a) = 2*a - 4. Let v be w(4). Suppose -10 = -3*h - v. Let j be h + -1 + (11 - -6). What is the highest common divisor of j and 54?
18
Let v be 5/(((-12)/(-3))/4). Suppose v*n - 8*n + 45 = 0. Let k = 455 - 320. What is the highest common factor of n and k?
15
Suppose -5*t + 5*d = -45, -4*t + 1 = 3*d - 7. Let q be t*((-32)/(-5))/4. Let k(r) = 3*r - 18. Let i be k(q). Calculate the greatest common factor of i and 18.
6
Let h be (1/((-1)/20))/(-2). Let y = 15 - h. Suppose f + 180 = y*f. What is the greatest common divisor of 5 and f?
5
Let c = 1364 + -1988. Let a be (-6)/(-21) - c/21. What is the greatest common divisor of a and 105?
15
Let y be -2*15/12*-12. Suppose 80 = 3*n - 0*d + 4*d, 2*n + 3*d = 55. What is the greatest common factor of n and y?
10
Suppose -393 - 27 = -5*y. What is the highest common factor of 56 and y?
28
Let i(g) = -12*g + 7. Let b be i(-10). Let c = -52 + b. Calculate the greatest common factor of c and 30.
15
Let h be -8 + 5 + -2*29/(-2). Let p = 50 - h. What is the greatest common factor of p and 24?
24
Suppose 0 = -836*d + 823*d + 73164. Calculate the highest common divisor of 84 and d.
84
Let u(s) = 11*s**2 + 39*s - 5. Let g be u(-4). What is the highest common factor of g and 12?
3
Let s(x) be the second derivative of x**4/12 + x**3/3 - x**2/2 - 13*x. Let m be s(3). Calculate the highest common factor of 56 and m.
14
Let j = 14 - 11. Let x(f) = -8*f - j*f**2 - 9 + 4*f**2 + 7*f + 4*f. Let c be x(-7). What is the greatest common divisor of 76 and c?
19
Suppose -19*t + 6*t = 702. Let i = t + 285. Calculate the highest common factor of 33 and i.
33
Let u = -421 - -478. What is the highest common factor of 513 and u?
57
Let p(s) = 3*s - 1. Let h be p(2). Let f = -3337 - -3342. What is the greatest common divisor of h and f?
5
Let a(v) = -10*v + 8. Let w be a(1). Let j = w + 15. What is the greatest common factor of 117 and j?
13
Let x(y) = y + 62. Let o be x(-23). What is the highest common factor of 273 and o?
39
Let o = 6 - -13. Let u = 4 + -3. Suppose -o - u = -4*w. Calculate the highest common divisor of w and 2.
1
Suppose -2*n + 5*g - 1 = 7, -3*n + 4*g - 5 = 0. Suppose -n = -12*i + 11*i. What is the greatest common divisor of 5 and i?
1
Let g = 480 + -388. Calculate the highest common divisor of 184 and g.
92
Suppose 5*x - 8 = -5*d + 72, -20 = -5*d. Let y = -8 + 12. Suppose y*n = -z + 15, -5*z = -n - n + 13. Calculate the highest common divisor of n and x.
4
Suppose -v + 3 = 0, 4*v = -5*r - 4 + 31. Let o be -5 + r/1 - -19. Suppose -4*a = -z + o, z + 112 = 5*z - 5*a. Calculate the highest common factor of z and 11.
11
Let v = -329 - -538. Suppose -2